 Let i be a(b). Calculate the highest common divisor of i and 4.
2
Let p be (1 + -3)/4*-58. Calculate the greatest common divisor of 145 and p.
29
Let o = -97 - -107. What is the highest common factor of 2 and o?
2
Let y = -3 + 2. Let c be (4/12)/(y/(-12)). Suppose c*i = 609 - 125. What is the highest common divisor of i and 11?
11
Suppose 3*q = h + h - 24, -4*q = 4*h - 8. Let b = 7 - 3. Suppose 2*k = -s - 2*k + 34, -b*s - 2*k = -80. Calculate the highest common divisor of s and h.
6
Let z(c) = -c**3 - 11*c**2 + 16*c + 13. Let o be z(-13). Calculate the highest common divisor of 13 and o.
13
Let t be ((-1)/(-3))/((-3)/(-27)). Let c be (t/4)/((-2)/(-48)). What is the greatest common factor of 36 and c?
18
Suppose -y - 4*y - 3*d = 1170, -3*d - 246 = y. Let x = -132 - y. Suppose n = 2*u + u - 32, 3*n = 5*u - 52. Calculate the greatest common divisor of u and x.
11
Let h = -6 - -9. Let t(n) = 27*n - 1. Let j be t(h). What is the greatest common factor of j and 10?
10
Let b = -27 + 41. What is the greatest common factor of 21 and b?
7
Suppose 15 = -4*f + 5*f. What is the highest common factor of f and 120?
15
Let p(y) = y + 1. Let m(w) = 4. Let c(q) = -m(q) + 3*p(q). Let d be c(9). Calculate the greatest common factor of 39 and d.
13
Let q(p) = p**2 - p - 6. Let t be q(6). Let l(i) = -5*i + 1. Let u be l(-7). Calculate the greatest common factor of u and t.
12
Let s be (-13)/78 - (-1021)/6. Calculate the greatest common divisor of 68 and s.
34
Suppose -21 = -0*i - 3*i. Let s = -9 + 16. What is the greatest common factor of s and i?
7
Let q(u) = -u**3 - 6*u**2 + 4. Let h be q(-6). Let b(m) = m**2 + 6*m + 4. Let f be b(-6). What is the greatest common divisor of h and f?
4
Suppose 3*s + 3*q - 1209 = 0, q - 4*q = -s + 415. Let l = s - 231. What is the highest common factor of 25 and l?
25
Let c(l) be the first derivative of -l**4/4 + 3*l**3 + 5*l**2 + 9*l + 4. Let w be c(10). Calculate the highest common divisor of w and 45.
9
Let d(j) = j**2 - 4*j - 4. Let x be d(3). Suppose 0 = -2*m + 4*k - 68, 4*k + 14 + 38 = -3*m. Let z = x - m. What is the greatest common factor of z and 17?
17
Suppose -95 = -5*l + 25. Suppose -2*c - 2*b + 16 = -c, 3*c - 2*b - l = 0. Calculate the highest common factor of 40 and c.
10
Let t(d) = -11*d + d**3 + 21 + 11*d + d**2. Let h be t(0). What is the highest common divisor of h and 147?
21
Let v = -6 + 8. Suppose v*z - 79 = 3*r - 2*z, 27 = -r + 2*z. Let p be (4/(-10))/(10/r). Calculate the greatest common divisor of p and 9.
1
Let o(u) = -7*u - 6. Let d be o(-1). Calculate the highest common factor of d and 8.
1
Let s(d) = d**2 - d + 3. Let q be s(0). Let f be (q - (-4)/(-1))*-5. What is the highest common divisor of f and 20?
5
Let u(n) = 20*n**2 + 2*n - 1. Let z be u(1). Suppose -3*g + 95 = 5*c, g + z + 22 = 3*c. Calculate the highest common factor of 8 and c.
8
Let o = 6 - 2. Suppose 333 = 5*f + 4*d + 109, -o = d. Let u be (-1)/2*(-33 + 1). What is the greatest common divisor of f and u?
16
Let d be 2/(-8) + -3 + 37/4. Let u be 2*(2 - 0/2). Let l be (1 + 1/(-2))*u. What is the greatest common factor of l and d?
2
Suppose -4*k - 3 = 3*y - 0, 4*y + 5 = -5*k. Suppose k*u = -4*h - 16, u + 4*h + 16 = -3*u. Suppose -1 + u = -t. Calculate the highest common divisor of t and 3.
1
Suppose -3*d + d - 20 = 0. Let q(h) = -h**3 - 8*h**2 + 9*h - 5. Let i be q(d). What is the highest common factor of i and 15?
15
Let b(p) = 8*p**2 + 2*p - 1. Let q be b(-2). Calculate the greatest common factor of q and 27.
27
Suppose 0 = -7*l + 3*l - d + 365, -4*l + 366 = 2*d. What is the highest common factor of 13 and l?
13
Let i be (-4)/(-10) - (-438)/30. Let m = -1 + 4. What is the highest common divisor of m and i?
3
Let m = 197 + 1. What is the highest common factor of m and 22?
22
Let q(l) = l**3 - 4*l**2 - l + 7. Let n be q(5). Calculate the greatest common divisor of n and 18.
9
Let h be (-33)/(-2)*2/3. Let u = -9 + 13. Suppose -u*p + 118 + 234 = 0. Calculate the highest common factor of p and h.
11
Suppose -m + 0*m + 480 = 0. Let w = -340 + m. What is the highest common divisor of w and 20?
20
Let k = -8 + 13. Suppose 30 = -0*y + k*y. Let g = 0 - -15. What is the highest common divisor of g and y?
3
Let c = -56 - -61. Let p be 4 - (-1 + (0 - -3)). Calculate the highest common divisor of c and p.
1
Let u be (-2346)/(-115) + 3/5*1. Let j be 2*-1 + 1 + 4. Calculate the highest common divisor of j and u.
3
Suppose -2 = t - 1. Let d be t - (40 + -1)/(-3). What is the highest common factor of d and 132?
12
Let l = 9 + -30. Let n be (l/(-14))/(6/32). Calculate the greatest common divisor of n and 88.
8
Let h be 14/(-21)*(-6)/4. Let w(q) = q**3 - 3*q**2 + q. Let r be w(3). Calculate the highest common factor of r and h.
1
Let d be 4/18 - (-17272)/36. Let k be -3*(d - 2)/(-2). Suppose -5*f + 403 + 316 = -4*j, k = 5*f - 2*j. What is the greatest common divisor of f and 13?
13
Suppose 0 = -a + 5*a - 352. Suppose 5*c - 5*s = -125, 0*s + 55 = -3*c - 2*s. Let v = -10 - c. Calculate the greatest common factor of a and v.
11
Suppose -l - 2*g + 69 = 3*g, -5*l + 305 = 5*g. Suppose 0 = -3*m + l - 5. Calculate the highest common factor of m and 9.
9
Let r(z) = -8*z + 7. Let v(b) = b + 3*b - 3 + 0. Let t(q) = -2*r(q) - 5*v(q). Let o be t(-8). What is the highest common factor of o and 3?
3
Suppose p + x = 39, 3*x - 2*x = p - 29. What is the highest common factor of p and 374?
34
Let q = 83 + 70. Suppose 43*d - 44*d = -17. Calculate the greatest common factor of d and q.
17
Let q(s) = 5*s + 18. Let m be q(9). What is the greatest common factor of m and 9?
9
Let j(z) = z**2 - 5*z + 2. Let v be j(4). Let r be (-16)/2*(v + 1). Calculate the greatest common divisor of 2 and r.
2
Suppose 116 = 3*p - p. Let l = 0 + 34. Let f = p - l. Calculate the greatest common factor of f and 6.
6
Let r = -23 + 33. Let v(n) = 2*n + 5. Let q be v(r). Calculate the greatest common divisor of q and 10.
5
Let c(m) be the first derivative of m**3/3 - 5*m + 1. Let u be c(-8). Let a = -27 + u. Calculate the greatest common divisor of a and 48.
16
Let g be (116/3)/((-1)/(-3)). Suppose 0 = k - 5*k + 2*j - 280, 0 = -5*k + 2*j - 348. Let b = g + k. What is the highest common factor of b and 6?
6
Let v = -21 + 16. Let f be (-21)/(-2) - v/10. Let p(u) = u**3 - u**2 + 3*u - 5. Let s be p(4). Calculate the highest common divisor of f and s.
11
Suppose -5*k - 4*u + 111 = -u, 4*k - 3*u - 78 = 0. Calculate the greatest common factor of k and 231.
21
Let a = -1243 - -331. Let u be (-2)/14 - a/14. What is the greatest common factor of 13 and u?
13
Let v(q) be the second derivative of q + 1/3*q**3 - 4*q**2 + 0. Let g be v(7). Calculate the highest common factor of g and 12.
6
Let l be 492 - (3 - 2 - -1). Suppose l = -6*y + y. Let v = y - -138. Calculate the highest common factor of v and 5.
5
Suppose 0*g - 4*g + 48 = 0. Let s be (-45)/6*16/6. Let j be -3 - (1 + -2) - s. Calculate the highest common divisor of j and g.
6
Let z(t) = -3*t - 4. Let j(u) = 9*u + 12. Let n(f) = -6*j(f) - 17*z(f). Let c be n(-4). Suppose -129 = 4*d - 481. What is the greatest common factor of d and c?
8
Let a = 7 + -2. Let s(p) = p + 6. Let w be s(a). Calculate the highest common divisor of 99 and w.
11
Suppose 0 = -x - 2*x. Suppose x = 3*r + 4*v - 10 + 4, 0 = 5*r - 3*v - 39. Calculate the greatest common divisor of 3 and r.
3
Suppose -5*x + 13 = 33. Let g = x - -16. What is the greatest common divisor of 12 and g?
12
Suppose 3*k - 286 = -19*k. Let x(j) = j + 276. Let b be x(0). Suppose 5*n + 16 = b. What is the highest common factor of k and n?
13
Suppose 36 - 14 = 2*f + 3*d, 5*f = -4*d + 62. Let a(s) = 4*s**2 + 5*s + 1. Let o be a(5). Calculate the greatest common factor of f and o.
14
Let v = 18 - 12. Calculate the greatest common factor of 66 and v.
6
Let k(i) = i + 6. Let d be k(18). Calculate the greatest common factor of d and 64.
8
Let j = -19 - -33. What is the greatest common factor of 35 and j?
7
Suppose -y - 3*r = -27, 0 = y - 2*y - 2*r + 23. Calculate the greatest common divisor of 10 and y.
5
Let y(h) = -h**2 - 3*h + 4. Let c(m) = -2*m**2 - 4*m + 4. Let q(d) = -2*c(d) + 3*y(d). Let t be q(8). What is the greatest common divisor of 15 and t?
15
Suppose 4*r = -0*r + 72. What is the highest common divisor of r and